{"id":22290,"date":"2017-08-01T11:48:53","date_gmt":"2017-08-01T14:48:53","guid":{"rendered":"http:\/\/eiengakumondojo.com.br\/main\/?page_id=22290"},"modified":"2025-08-04T13:27:20","modified_gmt":"2025-08-04T16:27:20","slug":"kobudo-historia","status":"publish","type":"page","link":"https:\/\/eiengakumondojo.com.br\/main\/kobudo-historia\/","title":{"rendered":"HIST\u00d3RIA"},"content":{"rendered":"[mk_page_section bg_image=&#8221;http:\/\/eiengakumondojo.com.br\/main\/wp-content\/uploads\/2017\/07\/kobudo-topo.png&#8221; attachment=&#8221;fixed&#8221; bg_position=&#8221;center center&#8221; bg_stretch=&#8221;true&#8221; parallax=&#8221;true&#8221; color_mask=&#8221;#0a0a0a&#8221; mask_opacity=&#8221;0.8&#8243; padding=&#8221;120&#8243;][vc_column][mk_fancy_title tag_name=&#8221;h2&#8243; size=&#8221;60&#8243; color=&#8221;#9e9e9e&#8221; font_weight=&#8221;bold&#8221; text_transform=&#8221;none&#8221; font_family=&#8221;none&#8221; margin_top=&#8221;20&#8243; margin_bottom=&#8221;60&#8243; align=&#8221;center&#8221;]KOBUDO[\/mk_fancy_title][\/vc_column][\/mk_page_section][vc_row][vc_column][mk_padding_divider size=&#8221;80&#8243;][\/vc_column][\/vc_row][vc_row][vc_column][vc_column_text]\n<div style=\"font-size: 35px; color: #4da3d6; line-height: 38px; font-weight: normal;\"><strong>Hist\u00f3ria e Curiosidades<\/strong><\/div>\n[\/vc_column_text][mk_padding_divider size=&#8221;10&#8243;][vc_separator color=&#8221;custom&#8221; accent_color=&#8221;#4da3d6&#8243;][\/vc_column][\/vc_row][vc_row][vc_column width=&#8221;1\/2&#8243;][vc_column_text responsive_align=&#8221;left&#8221;]\n<p style=\"text-align: left; font-size: 18px; color: #999999; line-height: 25px;\">O Kobudo \u00e9 uma arte marcial de origem japonesa, que visa, com a utiliza\u00e7\u00e3o de ferramentas agr\u00edcolas do per\u00edodo feudal, a defesa pessoal, utilizando movimentos conjuntos de ataque e defesa. Surgiu devido \u00e0 necessidade dos camponeses <em>okinawanos<\/em> de se defenderem de ladr\u00f5es, ou mesmo de samurais (militares) do continente japon\u00eas, durante um per\u00edodo em que ocorreu a proibi\u00e7\u00e3o do uso de armas na ilha de <em>Okinawa<\/em>, onde apenas os samurais possu\u00edam o direito ao porte da <em>katana<\/em> (espada oriental). Assim, foram desenvolvidas t\u00e9cnicas de ataque e defesa, utilizando seus pr\u00f3prios instrumentos de trabalho.<\/p>\n<p style=\"text-align: left; font-size: 18px; color: #999999; line-height: 25px;\">Como em outras artes marciais, o kobudo possui uma sequencia de faixas, que permite identificar o tempo de treino e o grau de conhecimento dentro da arte. Atualmente, a ordem de cores da faixa do kobudo Matayoshi IMKA \u00e9 a seguinte: branca, amarela, laranja, verde, azul, marrom e preta. Ap\u00f3s a faixa preta, existem ainda os graus (DAN).<\/p>\n[\/vc_column_text][\/vc_column][vc_column width=&#8221;1\/2&#8243;][vc_column_text responsive_align=&#8221;left&#8221;]\n<p style=\"text-align: left; font-size: 18px; color: #999999; line-height: 25px;\">Possui ainda todo o apoio filos\u00f3fico e te\u00f3rico, baseado na cultura oriental, necess\u00e1rio para a forma\u00e7\u00e3o de cidad\u00e3os \u00fateis \u00e0 sociedade moderna. Por\u00e9m, diferentemente de outras artes marciais, at\u00e9 o momento, os combates reais oficiais entre praticantes acontecem apenas em exames de gradua\u00e7\u00e3o superior, quando solicitados pela banca examinadora. Durante as aulas, s\u00e3o praticadas sequencias de t\u00e9cnicas individuais que simulam defesas e ataques contra um ou mais advers\u00e1rios (HOJO UNDO&#8217;s e KATA&#8217;s) e simula\u00e7\u00f5es de combate entre dois ou mais praticantes (BUNKAI), sempre visando a preserva\u00e7\u00e3o da integridade f\u00edsica dos adeptos.<\/p>\n<p style=\"text-align: left; font-size: 18px; color: #999999; line-height: 25px;\">O kobudo auxilia ainda no aumento do auto-controle, desenvolvimento da coordena\u00e7\u00e3o motora, fortalecimento f\u00edsico e mental, al\u00e9m de eliminar o stress adquirido diariamente.<\/p>\n<p style=\"text-align: left; font-size: 18px; color: #999999; line-height: 25px;\">Atualmente, dentro da escola Matayoshi IMKA, estudamos os seguintes instrumentos: BO, SAI, TUNKUWA, NUNCHAKU, KAMA, EKU, NUNTI-BO, SANSETSUKON, TEKKO, TEICHU, TINBEI, ROCHIN, SURUCHIN, CHOGAMA, KUWA, entre outros.<\/p>\n[\/vc_column_text][\/vc_column][\/vc_row][vc_row][vc_column][mk_padding_divider size=&#8221;120&#8243;][\/vc_column][\/vc_row][vc_row][vc_column][vc_column_text]\n<div style=\"font-size: 35px; color: #4da3d6; line-height: 38px; font-weight: normal;\"><strong>Instrumentos da escola Matayoshi IMKA<\/strong><\/div>\n[\/vc_column_text][mk_padding_divider size=&#8221;10&#8243;][vc_separator color=&#8221;custom&#8221; accent_color=&#8221;#4da3d6&#8243;][\/vc_column][\/vc_row][vc_row css=&#8221;.vc_custom_1501540658825{padding-top: 0px !important;padding-right: 0px !important;padding-bottom: 0px !important;padding-left: 0px !important;}&#8221;][vc_column][mk_image src=&#8221;http:\/\/eiengakumondojo.com.br\/main\/wp-content\/uploads\/2017\/08\/kobudo-instrumentos.jpg&#8221; image_width=&#8221;1500&#8243; crop=&#8221;false&#8221; hover=&#8221;false&#8221; align=&#8221;center&#8221;][\/vc_column][\/vc_row][vc_row][vc_column][mk_padding_divider][\/vc_column][\/vc_row][vc_row][vc_column][vc_column_text responsive_align=&#8221;left&#8221;]\n<p style=\"text-align: left; font-size: 18px; color: #999999; line-height: 25px;\">1) <strong>BO<\/strong>: tamb\u00e9m conhecido como Kun, \u00e9 uma haste de madeira resistente, de aproximadamente 1,80 m de comprimento e 900 gramas, originalmente utilizada para auxiliar a carregar cestos contendo frutos ou mesmo \u00e1gua, sobre os ombros, diminuindo o desgaste f\u00edsico durante o transporte dos materiais. Dentro do kobudo, \u00e9 estudado por possuir um longo alcance, permitindo ao praticante, se manter a uma dist\u00e2ncia segura do oponente. Sua pr\u00e1tica fortalece ombros e costas.<\/p>\n<p style=\"text-align: left; font-size: 18px; color: #999999; line-height: 25px;\">2) <strong>NUNCHAKU<\/strong>: instrumento muito popularizado no ocidente, o nunchaku, tamb\u00e9m conhecido como so-setsu-kun, \u00e9 definido como dois cassetetes de madeira interligados por uma corda ou corrente (originalmente era feito com crina de cavalo). Como ferramenta era utilizado para separar os gr\u00e3os de arroz de sua casca, auxiliando na colheita. Como arma, seus movimentos r\u00e1pidos e variados confundem o advers\u00e1rio, que n\u00e3o teria como prever de onde o pr\u00f3ximo ataque surgiria. Tamb\u00e9m \u00e9 utilizado para defesas e tor\u00e7\u00f5es. Sua pr\u00e1tica fortalece pulsos, antebra\u00e7os e ombros.<\/p>\n<p style=\"text-align: left; font-size: 18px; color: #999999; line-height: 25px;\">3) <strong>TUNKUWA (TONFA)<\/strong>: trata-se de um antebra\u00e7o de madeira, com uma haste perpendicular, por onde \u00e9 mantido firmemente junto ao bra\u00e7o. Esta arma se popularizou pelo uso junto \u00e0s for\u00e7as policiais de diversos pa\u00edses, entre eles, Jap\u00e3o e Estados Unidos. Como ferramenta, assim como o nunchaku, tamb\u00e9m poderia ser usada para separar os gr\u00e3os de arroz da casca, pilar gr\u00e3os, ou como manivela para moedores de gr\u00e3os. Como arma, tamb\u00e9m semelhante ao nunchaku, possui movimentos r\u00e1pidos, por\u00e9m com uma maior capacidade de defesa. \u00c9 utilizado aos pares, um em cada antebra\u00e7o. Sua pr\u00e1tica fortalece os pulsos, bra\u00e7os, ombros e costas.<\/p>\n<p style=\"text-align: left; font-size: 18px; color: #999999; line-height: 25px;\">4) <strong>SAI<\/strong>: \u00e9 um tridente de a\u00e7o, cuja haste central se prolonga adiante das demais. Era utilizada como uma esp\u00e9cie de forquilha para auxiliar no transporte de fardos de feno ou outros objetos.Como arma, era muito eficiente, principalmente contra a katana (espada samurai), pois tamb\u00e9m era feita de metal e, quando bem utilizada, desarmava facilmente um samurai. Tamb\u00e9m era utilizado aos pares, podendo ainda ser portado um terceiro sai, oculto, para arremesso \u00e0 dist\u00e2ncia. Sua pr\u00e1tica fortalece os pulsos, antebra\u00e7os, ombros e costas.<\/p>\n<p style=\"text-align: left; font-size: 18px; color: #999999; line-height: 25px;\">5) <strong>EKU<\/strong>: \u00e9 um remo oriental, com aproximadamente 1,70 m de comprimento. Como ferramenta, auxiliava na navega\u00e7\u00e3o de pequenas embarca\u00e7\u00f5es dentro de rios, ou mesmo mar-aberto. Como arma, assim como o bo, aumentava a seguran\u00e7a do praticante, diante de um advers\u00e1rio armado. Sua pr\u00e1tica fortalece os pulsos, antebra\u00e7os, ombros e costas.<\/p>\n<p style=\"text-align: left; font-size: 18px; color: #999999; line-height: 25px;\">6) <strong>KAMA<\/strong>: \u00e9 uma pequena foice, com l\u00e2mina de a\u00e7o e cabo de madeira. Sua principal aplica\u00e7\u00e3o, como ferramenta, era a colheita de arroz e outros vegetais que necessitassem ser cortados. Como arma, \u00e9 utilizado aos pares, em movimentos circulares precisos, tanto para defesa quanto para ataque. Existe ainda a possibilidade de se conectar uma corrente \u00e0 ponta do cabo de madeira, ampliando o alcance da arma, passando a ser conhecida como kusarigama. Sua pr\u00e1tica fortalece os pulsos, ombros e costas.<\/p>\n[\/vc_column_text][\/vc_column][\/vc_row][vc_row][vc_column][mk_padding_divider size=&#8221;180&#8243;][\/vc_column][\/vc_row][vc_row][vc_column][vc_column_text]\n<div style=\"font-size: 35px; color: #4da3d6; line-height: 38px; font-weight: normal;\"><strong>\u00c1rvore Geneal\u00f3gica do Kobudo Matayoshi IMKA<\/strong><\/div>\n[\/vc_column_text][mk_padding_divider size=&#8221;10&#8243;][vc_separator color=&#8221;custom&#8221; accent_color=&#8221;#4da3d6&#8243;][\/vc_column][\/vc_row][vc_row css=&#8221;.vc_custom_1501777669865{padding-top: 0px !important;padding-right: 0px !important;padding-bottom: 0px !important;padding-left: 0px !important;}&#8221;][vc_column][mk_padding_divider size=&#8221;60&#8243;][mk_padding_divider size=&#8221;60&#8243;][\/vc_column][\/vc_row][vc_row][vc_column][mk_padding_divider size=&#8221;180&#8243;][\/vc_column][\/vc_row][mk_page_section bg_image=&#8221;http:\/\/eiengakumondojo.com.br\/main\/wp-content\/uploads\/2014\/11\/hawaii-karatedo-header-1-e1489802685725.jpg&#8221; attachment=&#8221;fixed&#8221; bg_position=&#8221;center center&#8221; bg_stretch=&#8221;true&#8221; parallax=&#8221;true&#8221; color_mask=&#8221;#0a0a0a&#8221; mask_opacity=&#8221;0.8&#8243; padding=&#8221;120&#8243;][vc_column width=&#8221;1\/2&#8243;][mk_padding_divider size=&#8221;60&#8243;][mk_image src=&#8221;http:\/\/eiengakumondojo.com.br\/main\/wp-content\/uploads\/2022\/12\/logo-branco-1-e1670167467600.png&#8221; image_width=&#8221;300&#8243; image_height=&#8221;300&#8243; crop=&#8221;false&#8221; hover=&#8221;false&#8221; circular=&#8221;true&#8221; align=&#8221;center&#8221; group=&#8221;_general&#8221;][\/vc_column][vc_column width=&#8221;1\/2&#8243;][mk_padding_divider size=&#8221;160&#8243;][vc_row_inner][vc_column_inner width=&#8221;1\/6&#8243;][mk_image src=&#8221;http:\/\/eiengakumondojo.com.br\/main\/wp-content\/uploads\/2020\/08\/whatsapp.png&#8221; image_width=&#8221;40&#8243; image_height=&#8221;40&#8243; hover=&#8221;false&#8221; circular=&#8221;true&#8221;][\/vc_column_inner][vc_column_inner width=&#8221;5\/6&#8243;][mk_fancy_text color=&#8221;#4da3d6&#8243; highlight_color=&#8221;#000000&#8243; highlight_opacity=&#8221;0&#8243; font_weight=&#8221;bold&#8221; font_family=&#8221;none&#8221;]\n<p>(19) 99947-6175<\/p>\n[\/mk_fancy_text][\/vc_column_inner][\/vc_row_inner][mk_padding_divider size=&#8221;10&#8243;][vc_column_text]\n<div style=\"font-size: 21px; color: #4da3d6; line-height: 26px; font-weight: normal;\"><strong>Eien Gakumon Dojo<\/strong><br \/>\nRua Noel Rosa, 72 &#8211; Piracicaba\/SP<\/div>\n[\/vc_column_text][mk_padding_divider size=&#8221;20&#8243;][vc_row_inner][vc_column_inner width=&#8221;1\/4&#8243;][mk_fancy_text color=&#8221;#4da3d6&#8243; highlight_color=&#8221;#000000&#8243; highlight_opacity=&#8221;0&#8243; font_weight=&#8221;bold&#8221; font_family=&#8221;none&#8221;]Filiada \u00e0:[\/mk_fancy_text][\/vc_column_inner][vc_column_inner width=&#8221;1\/4&#8243;][mk_image src=&#8221;http:\/\/eiengakumondojo.com.br\/main\/wp-content\/uploads\/2022\/12\/Confedera\u00e7\u00e3o_Brasileira_de_Karat\u00ea.png&#8221; image_width=&#8221;60&#8243; image_height=&#8221;70&#8243; hover=&#8221;false&#8221;][\/vc_column_inner][vc_column_inner width=&#8221;1\/4&#8243;][mk_image src=&#8221;http:\/\/eiengakumondojo.com.br\/main\/wp-content\/uploads\/2022\/12\/logo-fpk-g.png&#8221; image_width=&#8221;60&#8243; image_height=&#8221;70&#8243; hover=&#8221;false&#8221;][\/vc_column_inner][vc_column_inner width=&#8221;1\/4&#8243;][mk_image src=&#8221;http:\/\/eiengakumondojo.com.br\/main\/wp-content\/uploads\/2023\/01\/matayoshi.jpg&#8221; image_width=&#8221;60&#8243; image_height=&#8221;70&#8243; hover=&#8221;false&#8221;][\/vc_column_inner][\/vc_row_inner][\/vc_column][\/mk_page_section]\n","protected":false},"excerpt":{"rendered":"<p>[mk_page_section bg_image=&#8221;http:\/\/eiengakumondojo.com.br\/main\/wp-content\/uploads\/2017\/07\/kobudo-topo.png&#8221; attachment=&#8221;fixed&#8221; bg_position=&#8221;center center&#8221; bg_stretch=&#8221;true&#8221; parallax=&#8221;true&#8221; color_mask=&#8221;#0a0a0a&#8221; mask_opacity=&#8221;0.8&#8243; padding=&#8221;120&#8243;][vc_column][mk_fancy_title tag_name=&#8221;h2&#8243; size=&#8221;60&#8243; color=&#8221;#9e9e9e&#8221; font_weight=&#8221;bold&#8221; text_transform=&#8221;none&#8221; font_family=&#8221;none&#8221; margin_top=&#8221;20&#8243; margin_bottom=&#8221;60&#8243; align=&#8221;center&#8221;]KOBUDO[\/mk_fancy_title][\/vc_column][\/mk_page_section][vc_row][vc_column][mk_padding_divider size=&#8221;80&#8243;][\/vc_column][\/vc_row][vc_row][vc_column][vc_column_text] Hist\u00f3ria e Curiosidades [\/vc_column_text][mk_padding_divider size=&#8221;10&#8243;][vc_separator color=&#8221;custom&#8221; accent_color=&#8221;#4da3d6&#8243;][\/vc_column][\/vc_row][vc_row][vc_column width=&#8221;1\/2&#8243;][vc_column_text responsive_align=&#8221;left&#8221;] O Kobudo \u00e9 uma arte marcial de origem japonesa, que visa, com a utiliza\u00e7\u00e3o de ferramentas agr\u00edcolas do per\u00edodo feudal, a defesa pessoal, utilizando movimentos conjuntos [&hellip;]<\/p>\n","protected":false},"author":1,"featured_media":0,"parent":0,"menu_order":0,"comment_status":"open","ping_status":"open","template":"","meta":{"footnotes":""},"class_list":["post-22290","page","type-page","status-publish","hentry"],"_links":{"self":[{"href":"https:\/\/eiengakumondojo.com.br\/main\/wp-json\/wp\/v2\/pages\/22290","targetHints":{"allow":["GET"]}}],"collection":[{"href":"https:\/\/eiengakumondojo.com.br\/main\/wp-json\/wp\/v2\/pages"}],"about":[{"href":"https:\/\/eiengakumondojo.com.br\/main\/wp-json\/wp\/v2\/types\/page"}],"author":[{"embeddable":true,"href":"https:\/\/eiengakumondojo.com.br\/main\/wp-json\/wp\/v2\/users\/1"}],"replies":[{"embeddable":true,"href":"https:\/\/eiengakumondojo.com.br\/main\/wp-json\/wp\/v2\/comments?post=22290"}],"version-history":[{"count":20,"href":"https:\/\/eiengakumondojo.com.br\/main\/wp-json\/wp\/v2\/pages\/22290\/revisions"}],"predecessor-version":[{"id":30696,"href":"https:\/\/eiengakumondojo.com.br\/main\/wp-json\/wp\/v2\/pages\/22290\/revisions\/30696"}],"wp:attachment":[{"href":"https:\/\/eiengakumondojo.com.br\/main\/wp-json\/wp\/v2\/media?parent=22290"}],"curies":[{"name":"wp","href":"https:\/\/api.w.org\/{rel}","templated":true}]}}